-195
In base 13, what is -5 - a?
-12
In base 15, what is -4 + -b84?
-b88
In base 15, what is -6 - -3?
-3
In base 8, what is -5 - 724?
-731
In base 2, what is -1101111 + 101?
-1101010
In base 11, what is 5 + -113?
-109
In base 8, what is -12272 - 5?
-12277
In base 5, what is -10020 + -1?
-10021
In base 16, what is -117 - -5?
-112
In base 4, what is -11313 + -2?
-11321
In base 11, what is -2423 + -5?
-2428
In base 9, what is 4 + 81?
85
In base 5, what is 1 - -21103?
21104
In base 16, what is 1 + -154?
-153
In base 16, what is -6 - a?
-10
In base 16, what is f - -1f4?
203
In base 13, what is 63 + 1b?
81
In base 4, what is -1101 - 2?
-1103
In base 9, what is -231 + -1?
-232
In base 8, what is 0 + -4?
-4
In base 6, what is -1003 + -224?
-1231
In base 8, what is 23 - 24?
-1
In base 13, what is -3 - -91?
8b
In base 15, what is -c + 84?
77
In base 4, what is 0 - -210200?
210200
In base 6, what is -15 + -3?
-22
In base 2, what is -1001000001001 - 10?
-1001000001011
In base 13, what is -5 + 208?
203
In base 4, what is 12 + -2031?
-2013
In base 2, what is -101 - -111001101?
111001000
In base 8, what is -10601 - 0?
-10601
In base 8, what is -625 - -3?
-622
In base 16, what is -3a + 32?
-8
In base 9, what is -210 + -4?
-214
In base 7, what is -35 - -5?
-30
In base 9, what is -11 - -21?
10
In base 4, what is -102 + -22?
-130
In base 10, what is -2 + -190?
-192
In base 3, what is 211012012 + 1?
211012020
In base 16, what is -4 - -455?
451
In base 3, what is 10012 - 2?
10010
In base 2, what is 10000 - 1001?
111
In base 4, what is -102131 - -2?
-102123
In base 4, what is -100022 - 1?
-100023
In base 7, what is 2 + 13?
15
In base 6, what is 11524 + -1?
11523
In base 4, what is 200110 + -23?
200021
In base 15, what is -8 - -b2?
a9
In base 3, what is -11100 - -10?
-11020
In base 6, what is -2 - -1405?
1403
In base 13, what is 1 - -266?
267
In base 6, what is 0 + 5?
5
In base 11, what is -1 + -49?
-4a
In base 7, what is 1 + 224?
225
In base 2, what is 1001010001 + -10?
1001001111
In base 9, what is -103 + -4?
-107
In base 12, what is a938 + 3?
a93b
In base 11, what is -3 - 6?
-9
In base 6, what is -31032 + 5?
-31023
In base 12, what is -a0 + -3?
-a3
In base 13, what is 1a - -c?
29
In base 16, what is -135 + 1b?
-11a
In base 2, what is 1 + 1111001?
1111010
In base 7, what is -26 + 41?
12
In base 4, what is 1310331 - 11?
1310320
In base 12, what is 8b1 - -3?
8b4
In base 9, what is -3311 + 4?
-3306
In base 4, what is -11103 + 13?
-11030
In base 2, what is 111 - -101010?
110001
In base 11, what is -a - -587?
578
In base 13, what is 80b - -4?
812
In base 11, what is 1 + 73?
74
In base 16, what is -1e - -3?
-1b
In base 13, what is c4 + 2?
c6
In base 9, what is 4 - 15?
-11
In base 9, what is -1 + -13?
-14
In base 7, what is -5545 + 0?
-5545
In base 16, what is 4 - -3?
7
In base 12, what is -34 + -213?
-247
In base 4, what is -11121330 - 3?
-11121333
In base 4, what is -3010 - -2?
-3002
In base 14, what is -10 - 13?
-23
In base 9, what is -28 - 128?
-157
In base 13, what is -4 + -479?
-480
In base 3, what is -22 - -12011?
11212
In base 4, what is -2302 - 10?
-2312
In base 9, what is 4 + 233?
237
In base 6, what is -1424 - -5?
-1415
In base 13, what is -65 + -5?
-6a
In base 12, what is -423 + 3?
-420
In base 9, what is 8 + 52?
61
In base 4, what is 313 + -103?
210
In base 10, what is -241 - 4?
-245
In base 11, what is -6472 + 1?
-6471
In base 6, what is 11 + 3331?
3342
In base 9, what is 86 - -8?
105
In base 2, what is 11 - -1110010011001?
1110010011100
In base 15, what is 1e4 - -5?
1e9
In base 2, what is 110 - -100111110101?
100111111011
In base 5, what is -41 - 111?
-202
In base 8, what is -3 + -103?
-106
In base 11, what is 257 + -16?
241
In base 2, what is -111 + 1110001010?
1110000011
In base 11, what is -1182 + 3?
-117a
In base 10, what is -2725 + -6?
-2731
In base 5, what is 3 - -203?
211
In base 6, what is -105 - 105?
-214
In base 6, what is 42 + 40?
122
In base 3, what is 0 + 20?
20
In base 15, what is -47a + -4?
-47e
In base 13, what is -45 - -9?
-39
In base 13, what is 138b3 - 2?
138b1
In base 13, what is 19c + -a?
192
In base 15, what is -625 + 5?
-620
In base 5, what is -44 - 13?
-112
In base 5, what is 1324 - 0?
1324
In base 7, what is 2 + -35530?
-35525
In base 11, what is -5 - a0?
-a5
In base 12, what is -454 + 4?
-450
In base 5, what is -202 + 3?
-144
In base 13, what is -291 - -14?
-27a
In base 7, what is 2361 + 6?
2400
In base 2, what is 1010000 - 1110?
1000010
In base 7, what is -30 - 555?
-615
In base 3, what is -2 + 1000112?
1000110
In base 15, what is -49c + -1?
-49d
In base 12, what is 161 + 6?
167
In base 16, what is 21 - -b?
2c
In base 13, what is -3 + 28a9?
28a6
In base 5, what is -43230 - 2?
-43232
In base 16, what is -21 + -b?
-2c
In base 10, what is -282 - -6?
-276
In base 9, what is 1 - -80?
81
In base 15, what is 344 + -4?
340
In base 7, what is -13056 + -5?
-13064
In base 15, what is -9 + 19?
10
In base 12, what is 109 - -2?
10b
In base 2, what is -1 - 11001111111?
-11010000000
In base 8, what is -34406 + 3?
-34403
In base 15, what is -5 + ba?
b5
In base 9, what is -222 - 2?
-224
In base 5, what is 3 + -21003?
-21000
In base 8, what is -3015 - -2?
-3013
In base 6, what is 5104 + 3?
5111
In base 6, what is 3 - 1243?
-1240
In base 3, what is 102 - -10212?
11021
In base 11, what is -47 - -49?
2
In base 13, what is 0 - -56?
56
In base 15, what is 1 + 158?
159
In base 7, what is -14336 - -4?
-14332
In base 7, what is -5 + -422?
-430
In base 12, what is -1a + -1?
-1b
In base 11, what is 8 - -57?
64
In base 12, what is -13 - 42?
-55
In base 12, what is -24b - 1?
-250
In base 2, what is -10 - -1000110110100?
1000110110010
In base 6, what is 4 + -135?
-131
In base 11, what is -922 + 3?
-91a
In base 5, what is 0 - -103142?
103142
In base 5, what is 3000 - -23?
3023
In base 12, what is -20 - -a?
-12
In base 10, what is -587 + 3?
-584
In base 5, what is -2141 - 124?
-2320
In base 2, what is 1010 - -1010000?
1011010
In base 6, what is 323431 - -5?
323440
In base 16, what is -2 + 9e0?
9de
In base 16, what is ec - 5?
e7
In base 13, what is -368 + -1?
-369
In base 8, what is -504 - 4?
-510
In base 3, what is -21 - -211000?
210202
In base 15, what is -9e2 - -2?
-9e0
In base 16, what is -3 - -81?
7e
In base 3, what is -11 + 12222211?
12222200
In base 8, what is 5 - -116?
123
In base 15, what is 5a - -a?
65
In base 11, what is 3 - -52a?
532
In base 2, what is -100000111 + 11?
-100000100
In base 14, what is d - -198?
1a7
In base 12, what is 201 - 8?
1b5
In base 7, what is -1451 - 10?
-1461
In base 15, what is -210 - b?
-21b
In base 11, what is -5 + -375?
-37a
In base 2, what is -1110 + -100?
-10010
In base 16, what is 2 + -ace?
-acc
In base 5, what is 0 + 102?
102
In base 10, what is -123 + -3?
-126
In base 2, what is -1011 - 10000011?
-10001110
In base 10, what is 11071 - 4?
11067
In base 7, what is 6004 + 2?
6006
In base 10, what is 20 - -47?
67
In base 9, what is -10 - -1587?
1577
In base 6, what is 2 - 5433?
-5431
In base 9, what is -631 - -6?
-624
In base 13, what is -47 - 47?
-91
In base 6, what is 404 - 0?
404
In base 3, what is -21 - 221?
-1012
In base 5, what is 20 - 24?
-4
In base 2, what is 1001 + 11101110?
11110111
In base 9, what is 1287 - -1?
1288
In base 10, what is 37 - 22?
15
In base 9, what is 3 + 26?
30
In base 14, what is -1 - 708?
-709
In base 4, what is -10221 + 2?
-10213
In base 16, what is 5e + 5?
63
In base 5, what is -4 + -301440?
-301444
In base 8, what is 6 + 101?
107
In base 2, what is -1110110 - -1011100?
-11010
In base 5, what is 3 - -34424?
34432
In base 8, what is -1154 + -6?
-1162
In base 11, what is 5 - -199?
1a3
In base 4, what is 0 + 121?
121
In base 3, what is -110212 + 12?
-110200
In base 16, what is -2 - 8e?
-90
In base 12, what is 10 + -10?
0
In base 11, what is 8 + -1a4?
-197
In base 3, what is 101021 - 1111?
22210
In base 13, what is -19 + -5ab?
-5c7
In base 6, what is 304 + 1?
305
In base 10, what is 1346 + -12?
1334
In base 12, what is 3 - 15?
-12
In base 10, what is 204 - 2?
202
In base 10, what is 9 - -8?
17
In base 4, what is -1001 - 1?
-1002
In base 6, what is -41513 - -5?
-41504
In base 4, what is 102 - -133?
301
In base 2, what is -1001111010 + -1?
-1001111011
In base 9, what is 56 - 4?
52
In base 13, wha